e prime factors of w.
2, 3
Let b = 19 + -78. Let l = b - -121. List the prime factors of l.
2, 31
Suppose -203*s + 212*s - 9414 = 0. What are the prime factors of s?
2, 523
Let f(d) = d**2 - 2*d - 1. Let t be f(4). Suppose t*z - 1256 = -z. What are the prime factors of z?
157
Suppose -10 = 5*l, i - 4*i + 8 = -l. Suppose 390 = 4*t + i*t. What are the prime factors of t?
5, 13
Let z = 21 - 18. Suppose -2*h - 2*d = 2*h + 42, 0 = z*h + 4*d + 24. List the prime factors of (h/18)/(2/(-90)).
2, 3, 5
Suppose 0*p = -6*p + 198. Suppose 0 = z + p - 257. Suppose -3*b - 276 = -5*r, 0 = -4*r - 4*b + z - 16. What are the prime factors of r?
2, 3
Suppose 2*q + 0*q = 10. Suppose 0 = q*o + 10 - 5. What are the prime factors of 0 - ((-2 - o) + -53)?
2, 3
Let v(s) = 11*s + 583. List the prime factors of v(-31).
2, 11
Let z(f) be the second derivative of f**4/12 - 7*f**3/6 - 5*f**2 + 4*f. Let g be z(7). List the prime factors of (0 - g)*780/100.
2, 3, 13
Suppose 3*i = 2*k + 1930, -7*k + 5*k - 1286 = -2*i. List the prime factors of i.
2, 7, 23
Let o(j) = -7*j - 24. Let k be o(-8). Let w = k - -48. List the prime factors of w.
2, 5
Suppose -3428 - 3522 = -25*p. What are the prime factors of p?
2, 139
Let b(v) = -v**3 + 5*v**2 + 6*v - 9. Let k be b(6). Let t(z) = -4*z - 23. What are the prime factors of t(k)?
13
Suppose -4*y - 6*y = -13720. List the prime factors of y.
2, 7
What are the prime factors of ((-3262)/49 + (-9)/21)*-7?
7, 67
Let l = -20 - -40. Let m be (-1)/4 - 408/32. Let r = m + l. List the prime factors of r.
7
Let z(l) = 63*l - 74. What are the prime factors of z(37)?
37, 61
Suppose r = 5*t + 56 - 30, 0 = -r + t + 10. List the prime factors of r.
2, 3
Suppose -176*g + 169*g + 4851 = 0. What are the prime factors of g?
3, 7, 11
Suppose -79*o = -107*o + 153356. List the prime factors of o.
5477
Let z = -30 - -33. Suppose 2*l - 5*y - 44 = 0, 3*l + 10 = -z*y + 97. List the prime factors of l.
3
Suppose -131*t + 121*t + 7800 = 0. List the prime factors of t.
2, 3, 5, 13
Let t be (6/5)/(8/40). Suppose 2*w - 3 = c, w - 5 = -t*c + 3*c. Suppose 2*r - 4 = 0, w*i - r - 101 = -15. List the prime factors of i.
2, 11
Let g(j) = 27*j**2 + 10*j - 130. What are the prime factors of g(-8)?
2, 3, 11, 23
Let k = 0 - 0. Let z be (12/4 + k)*1. Suppose -f + 12 = -3*p - p, z*p = -5*f + 60. List the prime factors of f.
2, 3
Suppose u - 3*r - 120 = 0, 28*r - 32*r = 3*u - 373. What are the prime factors of u?
3, 41
Suppose 36 = 3*h + 12. Let g be (-4)/h - (-54)/(-4). Let q = 45 + g. List the prime factors of q.
31
Let n(i) be the third derivative of -i**5/60 - 5*i**4/12 + i**3/3 - 2*i**2. Let q(o) = -3*o + 5. Let j be q(4). What are the prime factors of n(j)?
23
Suppose -n + 252 = -l, n - 2*l - 260 = -3*l. List the prime factors of n.
2
Let r = -488 + 485. Suppose 5*d - 2*u - 66 = 0, 0*d + 3*u = -d + 3. Let k = r + d. List the prime factors of k.
3
Suppose -5*r + 10*r + 1100 = s, -s + 1064 = 4*r. List the prime factors of s.
2, 3, 5
Let u(r) = -6*r + 3. Let h be u(13). Let a = h + -38. Let g = -62 - a. List the prime factors of g.
3, 17
What are the prime factors of (2 + 1 - -4) + 1321?
2, 83
Let b be 18/4*(-500)/(-30). Let y = b + -11. What are the prime factors of y?
2
Let o(f) = 3*f**2 + 18*f + 37. What are the prime factors of o(-12)?
11, 23
Suppose 55*r = 19*r + 34524. What are the prime factors of r?
7, 137
Let t be (7 - 1)*2/(-3). Let l(h) = h**2 + h - 1. Let v(z) = -3*z**2 + z + 1. Let x(q) = -4*l(q) - v(q). What are the prime factors of x(t)?
7
Suppose -2*a + 14 = 2*s, -10 = -a - 3*s + 3. List the prime factors of 1 + a + -8 + 84.
3
Suppose 0 = -3*z - 147 + 501. Suppose z = -2*c + 3*y, 2*y + y - 277 = 5*c. Let l = c - -94. List the prime factors of l.
41
Suppose -5*n - 2880 = 5*n. Let u = n + 410. What are the prime factors of u?
2, 61
Let i(a) = 35*a - 2 + 3 - 36*a. Let r be i(0). Suppose -c = -20 + r. What are the prime factors of c?
19
Let k(w) = 2*w - 4 + 1 - 3*w + w**2 - 8*w. Let b be k(8). List the prime factors of 1596/66 - (-2)/b.
2, 3
Let r = -169 - -46. Let q = 69 - r. What are the prime factors of q?
2, 3
Let k(n) = -3*n + 53. Let s = 37 - 37. List the prime factors of k(s).
53
Suppose 268 - 19 = 3*j. Let g = j - 68. What are the prime factors of g?
3, 5
Let t(l) = -4*l**2 + 116*l - 21. List the prime factors of t(20).
3, 233
Suppose -4*k + 2*v = -1300, 18*v - 17*v - 1312 = -4*k. List the prime factors of k.
3, 109
Let z = -2087 + 3230. What are the prime factors of z?
3, 127
Suppose 45829 = -111*a + 197122. What are the prime factors of a?
29, 47
Let h(d) = 5*d**3 - 11*d**2 + 18*d - 80. What are the prime factors of h(7)?
2, 13, 47
Let u(m) = m**3 - 14*m**2 + 15. Let r be 220/(-24)*-2*3. Suppose -4*v = 2*g - 1 - 7, -r = -5*g - 3*v. List the prime factors of u(g).
3, 5
Suppose -16 = -4*y - 2*w, 3*w + 3 = 4*y - y. Suppose -3*p - c - 4*c = -149, y*c = -p + 55. List the prime factors of p.
43
Suppose -5*w - 5*s = -5, 5*w = 4*w - 4*s - 5. Suppose w*z - 601 + 79 = g, g = z - 174. What are the prime factors of z?
2, 3, 29
Suppose -4*a - 2*g = -4*g - 40, a - 12 = g. Suppose 0 = a*t - 16*t + 1880. What are the prime factors of t?
5, 47
Let g(t) = 7*t**2 - 37*t + 2. List the prime factors of g(7).
2, 43
Suppose -11*y - 20 = -6*y. Let k(x) = -x**3 - 3*x**2 + 4*x. Let s be k(y). Suppose -4*i + 65 + 52 = 5*p, s = 3*p - i - 60. What are the prime factors of p?
3, 7
Suppose -4*d - 3*k = -2536, 3*k + 1312 = 3*d - 611. List the prime factors of d.
7, 13
Let p be -3*(-8)/12 + 2. Suppose -2*y - p*o + 18 = 0, -3*y - 4*o = -o - 18. Suppose -2*b + y*b = 2. What are the prime factors of b?
2
Let o(h) = 4*h - 17. Let f(q) = q**3 + 6*q**2 - 6*q - 4. Let z be f(-7). Let x(b) = b + 18. Let s be x(z). What are the prime factors of o(s)?
11
Suppose -8*r = -3*r - 15. Suppose 2*y - 3*b = -y + 3, 5*b = -r*y + 11. Suppose -2*f = -4*j - 5*f + 55, y*j = 2*f + 10. What are the prime factors of j?
2, 5
Let z(d) be the first derivative of -1/4*d**4 + 16*d - 14/3*d**3 + 7*d**2 + 6. List the prime factors of z(-15).
31
Let t(s) = 5*s**2 + 2*s**3 + 5*s + 4 - 9*s**2 - 5 - 4*s. List the prime factors of t(3).
2, 5
List the prime factors of (3455/(-30))/(9/(-54)).
691
Suppose -2*v + 412 = -0*v. Suppose 5*o - s - v = 0, -3*o = 5*s - 1 - 145. Suppose 2*g + 3*c - o = c, 2*g - 47 = 3*c. List the prime factors of g.
2, 11
Let b(s) = -8*s - 37. Let m be b(-25). Let j = m - 14. List the prime factors of j.
149
Let h = 7379 - 4536. What are the prime factors of h?
2843
Suppose 4*w - 360 = -5*m, -179 = -3*m + 4*w + w. Suppose -4*u = 8 - m. Let d(n) = n**2 - 11*n - 21. What are the prime factors of d(u)?
3, 13
Let m(d) = 6*d**2 + 117*d + 30. What are the prime factors of m(-25)?
3, 5, 19
Suppose 0 = 3*o - 18*o + 10650. List the prime factors of o.
2, 5, 71
Let p = 47 - 41. List the prime factors of 184/p - (-10)/30.
31
Suppose -12*a = 1823 - 8843. What are the prime factors of a?
3, 5, 13
What are the prime factors of (74/(-8))/((-12)/48)?
37
Let o(x) = -x**3 + x**2 - x + 4. Let p be o(0). Suppose -u + 2*v + 71 = 0, 3*u + 6*v - p*v = 181. List the prime factors of u.
3, 7
Let g(c) = 17*c**2 - 6*c + 8. What are the prime factors of g(-4)?
2, 19
Let p(a) = 11*a**2 + 16*a + 269. List the prime factors of p(-17).
2, 397
Suppose g - 40 = -9*g. Suppose -971 = -g*s + 349. List the prime factors of s.
2, 3, 5, 11
Let h be 61*-2*2/2. Let o = h + 76. Let d = 89 + o. List the prime factors of d.
43
Let n be 0*(-1)/(-2) + 3135. Suppose n - 807 = -6*a. List the prime factors of a/(-7) + 42/(-98).
5, 11
Let d(z) = 9*z - 27. Let x(h) = 17*h - 55. Let q(o) = 11*d(o) - 6*x(o). Let k(t) = 12*t - 131. Let v(j) = 2*k(j) + 9*q(j). List the prime factors of v(0).
5, 7
Suppose -597 = -4*z - 3*s, -10*z + 12*z - s - 311 = 0. List the prime factors of z.
3, 17
Let w = -14 - -17. List the prime factors of -25*w*(-12)/18.
2, 5
Let x = 23 - 19. Suppose 200 = x*d + 36. Suppose -5*r = 4*f - 45 - 17, d = 3*f + r. List the prime factors of f.
13
Let k(p) = -78*p + 441. List the prime factors of k(-18).
3, 5, 41
Let t = -1618 - -2524. What are the prime factors of t?
2, 3, 151
Let p(u) = u**3 - u**2 + u + 110. Let o be p(0). Let s be (1*3/(-9))/(2/(-48)). Suppose -o = -s*c + 6*c. List the prime factors of c.
5, 11
Let c(y) be the first der